{"id":155,"date":"2021-04-06T19:57:18","date_gmt":"2021-04-06T18:57:18","guid":{"rendered":"https:\/\/zwik-stronie.pl\/?page_id=155"},"modified":"2024-06-07T11:28:08","modified_gmt":"2024-06-07T10:28:08","slug":"podlaczenie-do-sieci","status":"publish","type":"page","link":"https:\/\/zwik-stronie.pl\/?page_id=155","title":{"rendered":"Pod\u0142\u0105czenie do sieci"},"content":{"rendered":"<p>Zapraszamy do zapoznania si\u0119 z przewodnikiem, kt\u00f3ry w prosty spos\u00f3b zapozna Pa\u0144stwa z proces zawarcia umowy ze sp\u00f3\u0142k\u0105 ZWiK Sp. z o.o. o \u015bwiadczenie us\u0142ug wodno-kanalizacyjnych. Z my\u015bl\u0105 o Pa\u0144stwa wygodzie przygotowali\u015bmy przewodnik, kt\u00f3ry pomo\u017ce skompletowa\u0107 niezb\u0119dne dokumenty i podpowie z kim si\u0119 kontaktowa\u0107 oraz wska\u017ce tok post\u0119powania.<\/p>\n<h3>KROK 1: Sprawdzenie mo\u017cliwo\u015bci przy\u0142\u0105czenia do sieci<\/h3>\n<ul>\n<li>Pobierz <strong><a href=\"https:\/\/zwik-stronie.pl\/wp-content\/uploads\/2024\/06\/Wniosek-o-wydanie-warunkow-przylaczenia-do-sieci-1.pdf\">Wniosek o wydanie warunk\u00f3w przy\u0142\u0105czenia do sieci<\/a><\/strong><\/li>\n<li>Do wniosku nale\u017cy do\u0142\u0105czy\u0107 plan sytuacyjno-wysoko\u015bciowy nieruchomo\u015bci (tzw. mapa zasadnicza).<\/li>\n<li>Wype\u0142niony wniosek z\u0142\u00f3\u017c w sekretariacie Sp\u00f3\u0142ki. Termin rozpatrzenia wniosku wynosi do 21 dni w przypadku budynk\u00f3w mieszkalnych jednorodzinnych i w zabudowie zagrodowej oraz do 45 dni \u2013 w pozosta\u0142ych przypadkach.<\/li>\n<li>Masz pytanie w sprawie przy\u0142\u0105czy ? Skontaktuj si\u0119 z Dzia\u0142em Technicznym, pod numerem telefonu <strong>(74) 8 115 460<\/strong><\/li>\n<\/ul>\n<h3>KROK 2: Opracowanie dokumentacji projektowej<\/h3>\n<ul>\n<li>Zle\u0107 opracowanie projektu (rozwi\u0105zania technicznego) przy\u0142\u0105czy wod.-kan.<\/li>\n<li>Upewnij si\u0119, \u017ce dysponujesz dokumentacj\u0105 techniczn\u0105 opracowan\u0105 na podstawie warunk\u00f3w technicznych i uzgodnion\u0105 ze ZWiK Sp.z o.o.<\/li>\n<\/ul>\n<h3>KROK 3: Wykonanie przy\u0142\u0105czy wod.-kan.<\/h3>\n<ul>\n<li>Roboty budowlano &#8211; monta\u017cowe mog\u0105 by\u0107 realizowane wy\u0142\u0105cznie przez firmy uprawnione (z odpowiednim do\u015bwiadczeniem) do wykonywania prac w bran\u017cy wodno-kanalizacyjnej.<\/li>\n<li>Do Ciebie nale\u017cy zg\u0142oszenie rob\u00f3t do odbioru pozwalaj\u0105ce na ocen\u0119 techniczn\u0105 nale\u017cytego wykonania rob\u00f3t .Zg\u0142oszenia do odbioru nale\u017cy dokona\u0107 co najmniej 1 dzie\u0144 przed zasypaniem wykopu .<\/li>\n<li>W\u0142\u0105czenia do czynnych sieci wodoci\u0105gowych i kanalizacyjnych wykonywane s\u0105 pod nadzorem ZWiK Sp.z o.o.<\/li>\n<\/ul>\n<h3>KROK 4: Zawarcie umowy<\/h3>\n<ul>\n<li>Pobierz <a title=\"Wniosek o zawarcie umowy o zaopatrzenie w wod\u0119 i odprowadzenie \u015bciek\u00f3w\" href=\"https:\/\/zwik-stronie.pl\/wp-content\/uploads\/2023\/03\/Wniosek-o-zawarcie-umowy-o-zaopatrzenie-w-wode-i-odprowadzanie-sciekow_2022-II-1.doc\" target=\"_blank\" rel=\"noopener\"><strong>Wniosek o zawarcie umowy o zaopatrzenie w wod\u0119 i odprowadzenie \u015bciek\u00f3w<\/strong><\/a><\/li>\n<li>Do wniosku nale\u017cy do\u0142\u0105czy\u0107 protok\u00f3\u0142 odbioru technicznego ko\u0144cowego wraz z inwentaryzacj\u0105 powykonawcz\u0105 przy\u0142\u0105cza wodoci\u0105gowego i (lub) przy\u0142\u0105cza kanalizacji sanitarnej<\/li>\n<li>w terminie 14 dni od daty z\u0142o\u017cenia wniosku Sp\u00f3\u0142ka przedk\u0142ada Odbiorcy do podpisu projekt umowy (przy podpisywaniu umowy nale\u017cy okaza\u0107 si\u0119 dowodem osobistym),<\/li>\n<li>po zawarciu umowy zostaje uzgodniony termin monta\u017cu wodomierza i rozpocz\u0119cie dostawy wody i (lub) odbioru \u015bciek\u00f3w (w terminie do 7 dni od dnia podpisania umowy).<\/li>\n<\/ul>\n<h3>e-Faktura<\/h3>\n<p>Nale\u017cy wype\u0142ni\u0107 i przes\u0142a\u0107: <a href=\"https:\/\/zwik-stronie.pl\/wp-content\/uploads\/2024\/04\/e-faktury-oswiadczenie.pdf\">e faktury o\u015bwiadczenie<\/a><\/p>\n<h3>Wypowiedzenie umowy<\/h3>\n<p>Je\u017celi zamierzaj\u0105 Pa\u0144stwo wypowiedzie\u0107 umow\u0119, prosimy o wype\u0142nienie poni\u017cszego wniosku:<\/p>\n<ul>\n<li><strong><a href=\"https:\/\/zwik-stronie.pl\/wp-content\/uploads\/2021\/06\/wniosek-o-wypowiedzenie-umowy.doc\">Wniosek o wypowiedzenie umowy<\/a><\/strong><\/li>\n<\/ul>\n<p>A nast\u0119pnie o przes\u0142anie go na adres e-mail: <strong>zwik@stronie.pl<\/strong> lub dostarczenie bezpo\u015brednio do siedziby firmy.<\/p>\n<p>Wnioski i formularze mo\u017cesz r\u00f3wnie\u017c pobra\u0107 w siedzibie ZWiK Sp. z o.o..<\/p>\n","protected":false},"excerpt":{"rendered":"<div class=\"mh-excerpt\"><p>Zapraszamy do zapoznania si\u0119 z przewodnikiem, kt\u00f3ry w prosty spos\u00f3b zapozna Pa\u0144stwa z proces zawarcia umowy ze sp\u00f3\u0142k\u0105 ZWiK Sp. z o.o. o \u015bwiadczenie us\u0142ug <a class=\"mh-excerpt-more\" href=\"https:\/\/zwik-stronie.pl\/?page_id=155\" title=\"Pod\u0142\u0105czenie do sieci\">[&#8230;]<\/a><\/p>\n<\/div>","protected":false},"author":1,"featured_media":0,"parent":0,"menu_order":0,"comment_status":"closed","ping_status":"closed","template":"template-full.php","meta":{"footnotes":""},"class_list":["post-155","page","type-page","status-publish","hentry"],"_links":{"self":[{"href":"https:\/\/zwik-stronie.pl\/index.php?rest_route=\/wp\/v2\/pages\/155","targetHints":{"allow":["GET"]}}],"collection":[{"href":"https:\/\/zwik-stronie.pl\/index.php?rest_route=\/wp\/v2\/pages"}],"about":[{"href":"https:\/\/zwik-stronie.pl\/index.php?rest_route=\/wp\/v2\/types\/page"}],"author":[{"embeddable":true,"href":"https:\/\/zwik-stronie.pl\/index.php?rest_route=\/wp\/v2\/users\/1"}],"replies":[{"embeddable":true,"href":"https:\/\/zwik-stronie.pl\/index.php?rest_route=%2Fwp%2Fv2%2Fcomments&post=155"}],"version-history":[{"count":22,"href":"https:\/\/zwik-stronie.pl\/index.php?rest_route=\/wp\/v2\/pages\/155\/revisions"}],"predecessor-version":[{"id":369,"href":"https:\/\/zwik-stronie.pl\/index.php?rest_route=\/wp\/v2\/pages\/155\/revisions\/369"}],"wp:attachment":[{"href":"https:\/\/zwik-stronie.pl\/index.php?rest_route=%2Fwp%2Fv2%2Fmedia&parent=155"}],"curies":[{"name":"wp","href":"https:\/\/api.w.org\/{rel}","templated":true}]}}